 h**2 - 5*h - 6. Determine y(q).
-6
Let n = 595 + -560. Suppose -b - 3*o = -3, -3*o + n = b - 8*o. Let u(h) = h**2 - 14*h - 9. Calculate u(b).
6
Let v(b) = -b**2 + b + 2. Let r(l) = -3*l**2 - 4*l + 9. Let p(u) = 7*u**2 + 7*u - 18. Let c(y) = -4*p(y) - 9*r(y). Let q be c(6). Calculate v(q).
-4
Suppose -10*u - 18 + 138 = 0. Let h(b) = -u*b**2 - 8 + 13*b**2 - 5*b + b**2 - 3*b**2. Give h(-5).
-8
Let v be (17 + -12)*(-24)/(-15). Let j(s) = -11*s + 2*s + 3*s + v*s - 6. What is j(3)?
0
Let u(h) = h + 3. Let k(d) = 5*d - 8. Suppose -f - 6 = -5*f + 2*x, -4*f + 5 = -3*x. Let r(o) = f*k(o) + 6*u(o). What is r(-2)?
-30
Let a(g) = -14*g - 2. Let z = 42430 - 42425. Calculate a(z).
-72
Let c be (-26)/2 - (-2)/(-2). Let b = 3 + c. Let i(f) = -f**3 - 5 - 2*f**3 + 2180*f**2 - 2191*f**2 + 2*f**3. Calculate i(b).
-5
Let a(t) = 48307*t**3 + 2*t - 48308*t**3 - 10*t**2 - 20 - 14*t. Determine a(-9).
7
Suppose 5*a = 4*g - 0*g - 16, 4*g = -2*a + 16. Let c(y) = -3*y + a*y + 1 - 3*y - y. Let o be 16 + -15 + 12/(-3). Determine c(o).
22
Let z(f) = f**2 - 3*f - 5. Let q be 6 - (-4 - (-1 + -4 + (4 - 4))). Give z(q).
5
Suppose 3*x = 0, -3*x - 20 = -3*i - i. Let d(l) be the third derivative of 0 - 1/12*l**4 + 0*l + l**3 + 11*l**2. Determine d(i).
-4
Let k be 1 - (-3 + (-40)/5). Let i be (-141)/k - 9/(-12). Let s(r) = r**3 + 12*r**2 + 12*r + 6. What is s(i)?
-5
Let j(z) = -z**2 + 19*z + 65. Let f be j(22). Let m(x) be the third derivative of x**5/30 - x**4/12 - x**3/6 - 7*x**2. Determine m(f).
3
Let c(u) = 6*u**3 + 12*u**2 + 13*u + 51. Let x(o) = o**3 + 4. Let h(b) = c(b) - 5*x(b). Calculate h(-11).
9
Let a be -1 - 15/(-9)*3. Let k(v) = 18*v**2 + 2*v + 14 - a*v - 13. Calculate k(1).
17
Suppose 25 = 3*f - 3*x + x, -5*x = 5*f - 25. Let y(w) = -7*w**3 - 23*w**3 + 31*w**3 + f*w**2 - 4. What is y(-7)?
-4
Let p(z) = -30*z - 30*z + 2*z**3 + 1 + 58*z + 1 - 3*z**2. Suppose 2 - 10 = 4*m. What is p(m)?
-22
Suppose -9*x - 27 = -128 + 47. Let g(o) = 7*o - 30. What is g(x)?
12
Let d(x) be the third derivative of x**5/60 - 5*x**4/12 + 5*x**3/3 - 20*x**2 - 304. Suppose 0 = 5*f - 5 - 35. Calculate d(f).
-6
Let i be (-2)/(1 + 10/(-14)). Let g(n) = -n**2 - 5*n + 12. Let s be g(i). Let t(z) be the second derivative of -z**5/20 - z**4/6 - z**3/6 - 6*z. Determine t(s).
2
Let z(o) = o**2 - 4*o + 2. Let d = 203 - 197. Let f be 9/(-3) + -1 + d. Give z(f).
-2
Let s(m) be the third derivative of -m**8/20160 - m**7/315 - 17*m**6/720 - 13*m**5/20 - 13*m**2. Let t(u) be the third derivative of s(u). Give t(-15).
-2
Let v = 9002 - 9021. Let j(o) = -o**2 - 16*o + 52. Give j(v).
-5
Let g(i) = -i**2 - 4*i + 7. Let l be g(-4). Suppose 5*m - 8 - l = 0. Suppose -m*h = o - 6, o = 2*o - h + 10. Let c(a) = a**2 + 6*a - 5. Calculate c(o).
-5
Let w(f) = -f**3 - 2*f**2 + 3*f. Let n be (4/5)/((-2)/(-20)). Let l be (-13)/((-26)/n) - 4*2. What is w(l)?
20
Let t(a) = -a**3 + 6*a**2 - a - 3. Let w be 1/(-2) - 3/(24/1204). Let r = w - -155. Calculate t(r).
25
Let x = -15787 - -15764. Let q(u) = -u**2 - 21*u + 32. Determine q(x).
-14
Let d(v) be the first derivative of -v**2/2 + 5*v + 5. Let i(o) = -o**2 + 70*o - 1100. Let f be i(46). Determine d(f).
1
Suppose -630 - 188 = 159*g - 23. Let q(i) = 4*i**2 + 9*i - 12. Give q(g).
43
Let k(c) = 59*c + 3. Let y(p) = 29*p + 1. Let f(j) = -2*k(j) + 4*y(j). Suppose -3*m + 15 = 3*d, -d + 9 = -3*m + 4*d. Suppose 3 - 11 = m*t. What is f(t)?
6
Let j(s) = 5*s**3 + 4*s**2 - 2*s + 9. Let n be j(3). Suppose 0*y - y + 4*b = 64, 3*b - n = 3*y. Let o be y/42*(-6)/(-4). Let f(g) = 3*g + 1. Determine f(o).
-5
Let o(n) = n**2 + n - 2. Let x(g) = 2*g**2 + 6*g - 2. Let c(l) = -3*o(l) + x(l). Let i be (20/(-15))/(4/9). Calculate c(i).
-14
Suppose -a + 4*a - 24 = 0. Let x = 10 - a. Let t be x + -5 + (1 - -6). Let z(j) = j - 2. What is z(t)?
2
Let g(m) = -19*m**3 + 5*m**2 - 32*m - 33. Let l(t) = 7*t**3 - 2*t**2 + 11*t + 12. Let r(q) = -4*g(q) - 11*l(q). Give r(5).
-40
Let t(g) = g**3 - 44*g**2 + 286*g + 2. Let o be t(8). Let m(r) = r**3 + 13*r**2 - 13*r + 10. What is m(o)?
-4
Let a(h) = -4 + 28 + h**2 + 1 - 5*h**3 + 9*h + 0*h**3. Let k(o) = 2*o**3 - 2*o**2 - 4*o - 13. Let w(q) = 3*a(q) + 7*k(q). Determine w(-11).
-5
Suppose -5*i - 2 = -5*t + 3, -9 = -3*t. Suppose i = 6*h + 8. Let w be (-2)/(-1 + h)*-1. Let n(o) = -17*o**2 - 2*o - 1. What is n(w)?
-16
Let x(z) = 16*z + 73. Let b = 31321 - 31325. What is x(b)?
9
Let q(p) = p**2 + 15*p + 39. Let h be q(-12). Let g(u) = -3*u + 199*u**2 + 7*u - u**3 + 3 - 197*u**2 + 4*u**h. Calculate g(-2).
-21
Let v(i) = 7*i**3 - 4*i - 9. Let y(t) = 8*t**3 + 3*t**2 - 5*t - 11. Let p(c) = -7*v(c) + 6*y(c). Give p(18).
-39
Let i = -54 - -107. Let v(j) = 18*j + 5 - i*j + 32*j. Determine v(5).
-10
Let t(r) = -r**2 + 6*r + 7. Let m be t(7). Suppose 0 = -5*x - 7*x + 96. Suppose p - x*p = m. Let o(l) = l**2 + 3. Determine o(p).
3
Let m(n) be the second derivative of n**5/40 - n**4/6 - 139*n**3/6 + 4*n. Let l(y) be the second derivative of m(y). Calculate l(6).
14
Let l(v) = -235*v**3 - 3*v**2 - 194*v**3 + 28*v + 4 + 427*v**3 - 11. Calculate l(-5).
28
Let g(s) = 3*s + 3. Suppose 0 = -t - 3, 3*m + 2*t = -31 - 29. Give g(m).
-51
Let c = 7 + -1. Let q(j) = 5 - 707*j**3 - 6*j**2 + j + 369*j**3 + 339*j**3. What is q(c)?
11
Let n = 12541 + -12527. Let b(y) = -y**3 + 15*y**2 - 14*y + 6. Calculate b(n).
6
Let s(p) be the first derivative of -p**5/15 - 7*p**4/24 - 70*p**3/3 - 225. Let j(m) be the third derivative of s(m). Give j(-3).
17
Let u(t) = 5*t**2. Let n(i) = -3*i**3 + 2*i**2 - 2. Let s be n(-1). Let k be -2 + (s - -5 - 5). Calculate u(k).
5
Let i(n) = 3*n**3 - 4*n**2 + 9*n + 2. Let r(o) = -6*o**3 + 11*o**2 - 26*o - 7. Let c(f) = -8*i(f) - 3*r(f). What is c(-2)?
37
Let h(l) be the third derivative of -l**5/60 + l**4/8 + 19*l**3/6 - l**2 + 828. What is h(-5)?
-21
Let c(f) = 11*f**2 + 1922*f - 2459. Let t be c(-176). Let k(x) = 6*x**2 - 7*x - 1. Let m(z) = 5*z**2 - 6*z - 2. Let b(g) = -4*k(g) + 5*m(g). What is b(t)?
9
Let b(c) = -2*c**2 - 3. Suppose -324 + 332 = 2*q, -r - q = -7. Determine b(r).
-21
Let t(u) = -43*u - 301. Let y be t(-7). Let o(j) = -j**3 - j**2 + 2*j + 5. Give o(y).
5
Let v(a) = -4 + 0*a**3 + a**2 + 3*a**3 + 2697*a - 2698*a. Determine v(-2).
-22
Suppose -2*r = -3*b - 7 - 20, -2*b - 40 = -5*r. Let u(h) = 17*h**2 + 11*h - r - 23*h**2 + 7*h**2. Determine u(-12).
6
Let q = 447 + -421. Suppose 6*b + q - 44 = 0. Let z(r) = r**3 - 4*r**2 + 5*r - 3. Give z(b).
3
Let g(k) = -k**2 - 35*k - 17. Let c(o) = 3*o**2 + 174*o + 85. Let r(p) = 2*c(p) + 11*g(p). Determine r(-7).
-3
Let g(y) = 5*y + 17. Let q(j) = 12*j**2 - 68*j + 19. Let h(p) = p**2 - 4*p. Let m(k) = 6*h(k) - q(k). Let w be m(7). Calculate g(w).
-8
Let z be 46*(22 - 6048/276). Let o(f) = 3*f + 8. Determine o(z).
20
Let x(k) be the first derivative of k**3/3 + 5*k**2 - 2*k + 2635. Calculate x(-10).
-2
Let p = 38940 - 38935. Let k(j) = -j**2 + 8*j - 5 - 5*j + 3*j. Give k(p).
0
Let p(m) be the second derivative of m**4/6 + 7*m**3/6 + m**2/2 + 158*m. Give p(-2).
-5
Let k(f) = -3*f + 89. Let h(v) = -v + 26. Let j(t) = 7*h(t) - 2*k(t). Let u(d) = 2*d + 23. Let z be u(-7). Give j(z).
-5
Let b(x) = -3*x**2 - x. Let o(d) = 7*d**2 + 2*d - 9. Let l(n) = 2*b(n) + o(n). What is l(3)?
0
Let z(d) = -d**2 + 2*d - 1. Let p(f) = 23*f + 58. Let c be p(10). Let b be c/(-136) - 6/(-51). Give z(b).
-9
Let c(z) = -z - 1. Let h(j) = -4*j - 4. Let i(v) = -5*c(v) + h(v). Suppose 0*d - 16 = -4*d. Calculate i(d).
5
Let u(b) = -4*b**2 + 105*b**3 - b**2 + b - 104*b**3 - 2*b - 8. Give u(5).
-13
Let w(f) = 15*f - 4. Let v(n) = -7*n - 4. Let m(b) = 9*v(b) + 4*w(b). What is m(-16)?
-4
Let s(l) = -l**2 + 20*l + 175. Let g(t) = t**2 - 23*t - 211. Let h(k) = -5*g(k) - 6*s(k). Let z be (-1)/(12/15 + -1). Give h(z).
5
Suppose -3*v + 10 = -2*v. Let o(b) = -2*b**3 - 6*b**2 - 19*b - 2. Let m(y) = -3*y**3 - 13*y**2 - 35*y - 5. Let i(n) = -3*m(n) + 5*o(n). What is i(v)?
5
Let h(j) = -j**2 + 6*j + 9. Suppose -4*b - 229 = 3*m, 0 = -2*m - 3*m + b - 351. Let r = 79 + m. Give h(r).
-7
Let i(k) = -k**3 - 69*k**2 + 16*k + 10. Let g(b) = -13*b**2 + 3*b + 2. Let t(j) = 11*g(j) - 2*i(j). Give t(4).
54
Let t = 115 + -85. Suppose 5*y + 0*y - 50 = 5*p, -t = -y - 3*p. Let a(g) = 10 - y + 3 - 2*g. What is a(-2)?
2
Suppose 30*n - 34*n = 160. Let v = n - -38. Let j(k) = k**3 -